alculate the highest common divisor of 60 and i.
12
Suppose 3*b - 6 = 3*v - 165, -25 = 5*b. Let x be ((-2)/4)/((-2)/v). Let r be 2648/20 - 4/10. What is the greatest common divisor of x and r?
12
Let s = 129 + -91. Calculate the greatest common factor of s and 114.
38
Let o be (-6)/(-9) - 29/3. Let v = o + 20. Suppose 65 = a - 12. Calculate the greatest common factor of v and a.
11
Let p be (-2*(16 - -1))/(-2). What is the greatest common divisor of 119 and p?
17
Let t(i) = -i**2 + 8*i + 1. Let d be t(7). Suppose d*w = 3*w + 85. Calculate the highest common divisor of 85 and w.
17
Let y = 28 - 8. What is the highest common factor of y and 4?
4
Suppose 0 = 3*c - 4*c + 3. Suppose -c*t - 5*n = -t - 117, -267 = -4*t + n. Let v be 12/t - (-130)/11. Calculate the greatest common divisor of 3 and v.
3
Let u = 16 + -9. Suppose 0 = -c - 71 + 1. Let p be (c/3)/((-4)/6). What is the greatest common divisor of u and p?
7
Let s = 12 - 6. What is the greatest common factor of s and 66?
6
Let m(i) be the first derivative of -5*i**4/4 + i - 3. Let p be m(-1). Calculate the highest common factor of 66 and p.
6
Let w be (14/4)/((-2)/(-60)). What is the highest common divisor of 15 and w?
15
Let v = 14 - -2. Let c = -7 + v. What is the highest common divisor of 18 and c?
9
Let k(d) = 19*d + 2. Let b be k(2). Let g be 3*(0 + 10/6). Calculate the greatest common divisor of g and b.
5
Suppose 3*l = -t - 2*t + 1035, l - 4*t - 325 = 0. Calculate the greatest common factor of l and 31.
31
Let q = 12 - 22. Let g be (5/(-2))/5*q. Calculate the greatest common divisor of 2 and g.
1
Suppose 3*i - 38 = -2. Let y be 0 - (-3 + 6 + -3). Suppose y = 5*v - 3*v - 24. What is the highest common factor of v and i?
12
Let a = 101 + -53. What is the greatest common factor of 16 and a?
16
Suppose -2*s - 3*f = -118, -34 = -5*s + 5*f + 236. Let m(q) = 0*q + 2*q + 1 + 1 + q. Let g be m(2). What is the greatest common factor of s and g?
8
Suppose -140 = 4*f - 2*q, -5*f + 4*q + 31 - 209 = 0. Let g = 11 - f. Calculate the greatest common factor of 18 and g.
9
Suppose 5*f - 3*z - 25 = -9, 5*f + 5*z = 0. Suppose 5*y - 28 = -f*d + 34, 5*y + 3*d = 58. Calculate the highest common factor of 154 and y.
14
Let h = 5 - 2. Suppose h + 1 = 4*l. What is the highest common factor of 1 and l?
1
Let p(r) = -r + 10. Let c be p(-10). What is the highest common divisor of 4 and c?
4
Suppose 3*q + 3*h = 132, -2*q + 3*h + 18 + 70 = 0. Calculate the greatest common factor of q and 110.
22
Let i(z) = z**3 - 12*z**2 + z + 12. Let u be i(12). Calculate the highest common factor of 48 and u.
24
Let c be 2 + 1 + -4 + 2. What is the greatest common factor of c and 3?
1
Let l(b) = b**2 - 2*b + 3. Let o be l(3). Let x = 4 + -6. Let m be (-3)/o*(x - 2). Calculate the highest common factor of m and 18.
2
Let l(q) = 2*q**2 + q + 3. Let k be l(-6). Suppose -5*m + 1 = -k. Let b(o) = -o + 35. Let d be b(0). What is the greatest common divisor of m and d?
7
Let l = 171 + -132. Calculate the highest common divisor of l and 6.
3
Suppose -1 = 2*p - 13. Calculate the greatest common factor of 4 and p.
2
Suppose 67 = 5*i + 2*m, 8*i - 61 = 3*i + 4*m. Let f be 358/(-5) + 10/(-25). Let s = f - -137. What is the highest common divisor of s and i?
13
Let d be (-1 - (-2 + 5)) + 28. Calculate the highest common divisor of 60 and d.
12
Suppose 2*r - 20 = -3*f + 11, -3*f + 20 = r. What is the highest common factor of 99 and r?
11
Let v(c) = 4*c**2 - 4. Let x be v(-2). Calculate the greatest common factor of 60 and x.
12
Let x(p) = 2*p**2 + 8. Let z = 4 - -2. Let j be x(z). What is the highest common factor of j and 16?
16
Let d(l) = -l**3 + 5*l**2 - 2*l + 4. Let p be d(4). Let s be -5 + 154/30 - (-129)/45. Calculate the highest common factor of p and s.
3
Let h be (-1)/4 + (-1 - 100/(-16)). What is the highest common divisor of 15 and h?
5
Let t = 2 - -3. Let s(r) = r**3 - 5*r**2 + 6*r - 3. Let o be s(4). Suppose -4*l - o = -9. Calculate the greatest common divisor of l and t.
1
Suppose 0*j - 550 = -5*j. Suppose 4*z = 19 - 7. Suppose 5*x - 44 = z*x. What is the highest common divisor of x and j?
22
Let b(t) = 0*t + t + 2*t. Let s be b(-3). Let q be ((-18)/(-4))/(s/(-168)). Calculate the greatest common divisor of q and 12.
12
Let g(k) = -2*k**2 + 19*k - 22. Let z be g(7). Calculate the highest common divisor of z and 65.
13
Suppose -3*i + 164 = 5*a + i, -5*i = 4*a - 133. Suppose -4*n - 32 = -8*n. What is the highest common factor of n and a?
8
Let m(w) = -w**3 + 10*w**2 - 8. Let d be m(8). What is the highest common divisor of d and 12?
12
Let u = 4 + 0. Suppose -u*w = -2*h - 26, -3*h = -5*w + 2*h + 45. Suppose -w*j + 40 = -0. Calculate the greatest common divisor of j and 25.
5
Suppose -g + 10 = 4. What is the highest common factor of 6 and g?
6
Suppose v + 4*v = 130. Suppose 2*p = -4*s + 50, 5*p - 3*s = 47 + v. What is the greatest common divisor of p and 34?
17
Let j be -21*10/25*10/(-4). What is the greatest common factor of 7 and j?
7
Let f(c) = -c + 25. Let b be f(9). Calculate the greatest common divisor of b and 80.
16
Let j = -68 - -93. What is the highest common divisor of j and 10?
5
Let x = -37 - -76. Let h be 2/6 - 114/(-9). What is the greatest common divisor of x and h?
13
Suppose -6*c + 112 - 4 = 0. Calculate the greatest common divisor of c and 54.
18
Let p = 80 + -50. What is the greatest common divisor of p and 75?
15
Let r(m) be the second derivative of m**5/20 - m**4/12 - m**3 + 2*m**2 - 4*m. Let x be r(4). Calculate the highest common divisor of x and 7.
7
Let v = 0 - -22. What is the greatest common divisor of v and 22?
22
Let w(n) = 4*n - 3. Let g be w(2). Suppose g*p - 3*h - 1439 = 0, 4*h - 449 = -p - 175. Suppose -4*u + p = -2*u. What is the highest common divisor of 13 and u?
13
Suppose 0 = 4*z - 11 - 9. Let v = 12 + z. Calculate the greatest common divisor of v and 102.
17
Suppose 5*t = 7*t - 28. Suppose 0*g = 4*x + 3*g - 380, -3*x + 282 = 3*g. What is the greatest common divisor of t and x?
14
Let g(y) = 2*y**2 - 2. Let d(x) = 2*x**3 - x**2 - 2*x - 1. Let i be d(-1). Let n be g(i). What is the highest common factor of n and 18?
6
Let j = 11 + -17. Let z = j - -14. Let p be z + -8 + 1*2. What is the highest common factor of p and 2?
2
Let o(t) = -t + 22. Let n be o(-12). Calculate the highest common factor of n and 85.
17
Let d(k) = -k**2 + 6*k - 5. Let t be d(4). Let o(a) = a + 21. Let s be o(0). Calculate the highest common divisor of t and s.
3
Let i be (-20)/6*24/(-10). Let y(s) = s**3 - 8*s**2 - 21*s + 34. Let o be y(10). Calculate the greatest common factor of o and i.
8
Let s = 260 + -460. Let i be s/(-14) - (-2)/(-7). Let c(g) = -30*g + 4. Let b be c(-5). What is the greatest common factor of i and b?
14
Let b be ((-2)/2)/((-4)/28). What is the highest common divisor of b and 133?
7
Suppose -5*u + 1 = -4. Let p = 13 - u. Calculate the greatest common factor of p and 6.
6
Let f = -30 - -78. Suppose -4*i + f = 4*h, 3*i = -i + 20. What is the highest common divisor of h and 56?
7
Let t(s) = s**3 - 2*s**2 + s + 2. Let m be t(3). Calculate the highest common factor of 56 and m.
14
Let p = 118 + -43. Let x = 124 - p. Calculate the greatest common factor of x and 7.
7
Suppose j - 2*h + 112 = 2*j, 0 = 5*j - h - 505. Calculate the greatest common divisor of 34 and j.
34
Suppose -t - t = 3*z - 73, 3*z - 111 = -3*t. Let v = 20 - t. Let g = -4 - v. What is the highest common divisor of 35 and g?
7
Suppose -24*t = -29*t + 5. Calculate the highest common factor of 11 and t.
1
Let m = 1 + 6. Suppose -m = 4*n - 63. What is the highest common factor of n and 112?
14
Let c(n) = -2*n + 16. Suppose 3*w - 6 = 0, w = 4*t + 47 - 13. Let v be c(t). Calculate the greatest common divisor of v and 64.
32
Let m(q) = 6*q**2 + 3*q + 2. Let y be m(-2). Suppose f = 3*z + 12, 3*z - 3*f = 6*z + 12. Let u be 798/5 - z/10. Calculate the highest common divisor of u and y.
20
Let t(c) = 5*c. Let v be 2/(1/((-3)/(-6))). Let g be t(v). Suppose z = g*l + 129, -5*z - l - 2*l = -785. What is the greatest common divisor of 22 and z?
22
Let i(b) = -b**2 - b + 6. Let d be i(-3). Suppose d = -4*x - u - 4 + 12, 0 = 3*x - 3*u - 21. What is the highest common factor of 30 and x?
3
Let j(v) = v**2 - v. Let k be j(0). Suppose k = 3*d + t - 101, -5*